. Calculate the highest common factor of u and d.
9
Let m = 1268 - 1026. What is the greatest common divisor of m and 22?
22
Let m be (13*4)/(5 + -3). Let j(z) = -8*z - 3. Let q = 4 - 6. Let s be j(q). What is the greatest common factor of m and s?
13
Let u = -1 - -11. Let v = 30 - u. Let g(z) = -41*z - 5. Let l be g(-5). Calculate the highest common factor of l and v.
20
Let s = -391 + 396. Let o(h) = -55*h**3 - h**2 - h. Let m be o(-1). Calculate the greatest common divisor of m and s.
5
Let t(x) = 23 + 106*x - 64*x - 51*x. Let p be t(-6). Calculate the greatest common divisor of 22 and p.
11
Let d be 34440/66 - (-4)/22. Calculate the highest common factor of 9 and d.
9
Let a = 16 - 20. Suppose -5*k = -8 - 72. Let f = a + k. Calculate the highest common divisor of f and 3.
3
Let q = 966 + -867. Suppose 5*w - 28 - 17 = 0. Calculate the highest common divisor of q and w.
9
Let b = -46 + 59. Let j = -26 + 52. What is the greatest common divisor of j and b?
13
Suppose -220 + 16 = -4*s. Suppose -p = 4, 2*p - 13 + s = 3*f. Suppose 3474*w + 270 = 3483*w. Calculate the greatest common factor of w and f.
10
Let v be ((414/(-24) - -1) + 2)*-4. Calculate the highest common factor of 285 and v.
57
Let l(j) = -2*j**2 + 18*j - 36. Let x be l(12). Let r be ((-8)/(-3))/((-1)/x*2). What is the greatest common factor of r and 18?
18
Let s = -32 - -52. Let a(q) = -q - 47. Let n be a(-5). Let t = n + 47. What is the highest common divisor of t and s?
5
Suppose -4*s - 1788 = -4*o, 2*o + s - 882 = -3*s. What is the greatest common divisor of 5 and o?
5
Let d be (46/(-5))/((-6)/180). Suppose 0 = -5*a - 2*r + 345, 5*r = -a + 5*a - d. Suppose -5*b + 1 + a = 0. What is the greatest common factor of 7 and b?
7
Let c be (-32)/(0 + -8) - -22. Suppose 5*t - 2*t = 78. What is the highest common factor of c and t?
26
Let k = -3300 - -3454. Let m(y) = y**3 + 4*y**2 - 5*y - 6. Let o be m(-4). Calculate the greatest common divisor of k and o.
14
Let g = 1064 - 707. Calculate the greatest common factor of g and 63.
21
Suppose -3*g = 2*o + 3, -10*g - 3 = -3*o - 12*g. Suppose -o*i + 7 + 98 = 0. Calculate the greatest common divisor of i and 245.
35
Suppose 9*h - 801 = 5859. Calculate the greatest common divisor of 20 and h.
20
Let i(m) = -m**3 + 9*m**2 - 7*m - 31. Let d be i(7). Calculate the greatest common factor of d and 48.
6
Let c = 5 + 43. Suppose 4 + 14 = 3*w - z, 0 = 4*w - 4*z - 24. Calculate the greatest common divisor of c and w.
6
Suppose 2*s + o - 77 = -20, 3*o + 37 = 2*s. Suppose -p + 130 = -0*p. Calculate the greatest common divisor of s and p.
26
Suppose -3003 = 2*d - 9*d. Calculate the highest common divisor of 39 and d.
39
Suppose 3*l - 8 = 2*l. Let w be (-2)/(-3)*(0 + 4 + -1). Suppose 5*x = 3*x + w. What is the highest common factor of l and x?
1
Let q = -87 + 137. Let a = 56 - q. What is the highest common divisor of a and 6?
6
Let f be 124/5*(-50)/4. Let h = f + 212. Let p be 1/(0 - -1) - h. What is the greatest common factor of 9 and p?
9
Let n = -375 - -399. What is the highest common divisor of 204 and n?
12
Let p = 18 - 13. Suppose -m - 3*m - 5*r + 47 = 0, -p*m = -2*r - 67. Let j be 4/((-16)/(-252)) + 3 + -1. What is the highest common factor of m and j?
13
Suppose 38 + 2 = n + w, -164 = -4*n - 5*w. Let f = 45 - n. Calculate the highest common divisor of 99 and f.
9
Suppose 291*c = 288*c + 69. Calculate the greatest common divisor of c and 621.
23
Let h = -2224 - -2268. Calculate the highest common divisor of h and 88.
44
Let o be (372/15)/(2 - (-48)/(-30)). Calculate the greatest common factor of o and 4.
2
Let y = 146 + 29. Suppose -5*r = -2*s + 40, -3*s + 3*r + 119 = 2*s. What is the greatest common factor of y and s?
25
Let w be 4 - (7/21)/(1/(-21)). What is the greatest common factor of 22 and w?
11
Suppose -12*n = -1548 - 480. Suppose 6*g + 65 = 11*g. Calculate the highest common divisor of n and g.
13
Suppose 2*w = 2*c + 40, -c - 3*w - 5 = 35. Let p = 3 - c. Let b be 1132/20 + 6/(-10). Calculate the highest common factor of p and b.
28
Suppose 10*a - 5*a = 25. Suppose -a*j = -j - 16. Suppose 2*q = j*r - 82, 3*q = -2*r - 2*q + 35. What is the greatest common divisor of r and 5?
5
Let i(w) be the first derivative of -6*w**3 + 1. Let q be i(-2). Let k = q - -146. What is the highest common divisor of 111 and k?
37
Let v be -1 + 1 + (-3)/(-1). Suppose 10 = v*w + 2*m - 29, -12 = 4*m. Calculate the greatest common divisor of 150 and w.
15
Suppose 2*a - 40 = x - 3*x, -2*x - 4*a = -30. Let c = 40 - x. Calculate the highest common factor of 5 and c.
5
Let j be ((-12)/(-4))/(7497/1872 + -4). Calculate the highest common factor of 39 and j.
39
Suppose 8*u - 32 - 16 = 0. What is the greatest common factor of 192 and u?
6
Suppose p + 1102 = 5*p + 2*n, 2*p - 2*n = 548. Calculate the greatest common factor of 25 and p.
25
Let x = -38 - -38. Suppose x = l - 99 - 36. Calculate the highest common divisor of l and 15.
15
Let b be ((-2)/(-3))/((-2)/(-21)). Let w be -5 - (-23)/((-138)/(-240)). What is the greatest common divisor of w and b?
7
Let b(k) = k**3 - k**2 + 20*k - 78. Let m be b(4). Calculate the highest common factor of 1600 and m.
50
Let j(l) be the first derivative of l**4/4 - 5*l**3/3 - 13*l**2/2 + 3*l - 11. Let s be j(7). Calculate the highest common divisor of 10 and s.
10
Let a be 2/13 + 76/13. Let d be 54/15*15/a. Let u be ((-7)/(-2) - 2)/(66/44). What is the greatest common divisor of d and u?
1
Let g be 11 + (-4 - -8) - -5. Calculate the greatest common factor of 4 and g.
4
Suppose -10*s + 15504 = 7*s. Suppose -7*m + s - 107 = 0. What is the highest common factor of m and 23?
23
Let p be (-26)/13*(-2 - 0) - -23. What is the highest common factor of p and 117?
9
Let s(w) = -8*w - 16. Let d be s(-2). Let n(k) = -5*k + 30. Let l be n(d). Calculate the greatest common divisor of 20 and l.
10
Suppose 1 = -4*c + 5*c. Suppose 10*t - 9*t + 4*b = -7, -t + 14 = -3*b. Calculate the highest common divisor of t and c.
1
Suppose -6*y = -354 - 246. What is the greatest common divisor of y and 8?
4
Suppose -l + r + 114 = 0, 0 = 2*l - 3*r - 123 - 105. What is the highest common divisor of l and 836?
38
Let a = 86 - 75. Calculate the highest common divisor of a and 352.
11
Let z = -825 - -1035. What is the greatest common factor of 120 and z?
30
Suppose 4*s + 6*l - l = 204, -3*l = -5*s + 255. What is the highest common divisor of s and 357?
51
Let g = 3 + 0. Suppose 8 = -n + g*n. Suppose -3*i - 4 = -7*i - n*f, -2*i + 4 = f. Calculate the highest common divisor of i and 12.
3
Let z be 4*-189*8/(-96). What is the highest common factor of 483 and z?
21
Let m = 197 - 178. Let c be (-10)/4*24/(-30). Suppose -228 = -2*z - c*z. What is the highest common divisor of m and z?
19
Let h be 3451/(-28) + 6/(-8). Let q = -53 - h. Let f = 127 - q. Calculate the highest common divisor of 7 and f.
7
Let k be 17*(0 - (-21)/3). Let i(j) = j - 12. Let c be i(12). Suppose w - 17 = -c*w. What is the greatest common factor of w and k?
17
Let p(l) = -2*l + 10. Let u be p(-7). Let m = 323 - 287. What is the greatest common divisor of u and m?
12
Let n(i) = i**2 - 3*i - 8. Let x be n(-3). Calculate the highest common divisor of x and 100.
10
Let i(b) = 2*b**2 + b. Let s be i(3). Suppose -57*h = -50*h - 21. What is the greatest common divisor of h and s?
3
Let u = 138 + -128. What is the greatest common divisor of u and 130?
10
Let s be -3*4/(-6) - (4 + -112). Let j = -15 + 25. What is the greatest common divisor of s and j?
10
Suppose -212 = -b - 57. Suppose t - k - 66 = 0, -78 = -t + 6*k - 2*k. Calculate the greatest common factor of t and b.
31
Suppose -200 = -3*z + 4*t, 0*t - 296 = -4*z - 2*t. Suppose -3*p = 4*o - 129, 3*o - 2*p = -p + 113. What is the highest common divisor of z and o?
36
Suppose 0 = 14*j + 2*j - 80. Suppose 6 = s - 37. Suppose -232 = -5*y + s. What is the highest common factor of y and j?
5
Suppose 124 = 5*b + 4*m, 0*b - 4*m - 72 = -2*b. What is the highest common factor of b and 16?
4
Let i = 1190 + -1187. Let f = -1 + 2. What is the highest common divisor of f and i?
1
Let t be 2206/34 - (-618)/5253. Suppose -4*f = m - 23, f + 3*m = -3*f + 29. Calculate the greatest common divisor of t and f.
5
Let k(c) = -c**2 + 8*c - 11. Let q be k(6). Let d be 8*q/2 - 2. Calcul